n 42 is divided by d.
12
Let s be (4 + (-3 - -7))/((-1)/8). Let d = 130 + s. What is the remainder when d is divided by 23?
20
Let b be (-8)/(-24) - (-274)/6. Suppose -22*k + 20*k = -b. What is the remainder when k is divided by 12?
11
Suppose -15 = 722*q - 725*q + 18. Let s = 2 - -1. What is the remainder when q is divided by s?
2
Let r(h) = 2*h + 1. Let i be r(-1). Let y be (22 - -9) + (i - -1). Let k = y - 11. What is the remainder when 77 is divided by k?
17
Suppose 29*b - 2227 + 806 = 0. Calculate the remainder when b is divided by 8.
1
Let v = -458 - -483. Calculate the remainder when 44 is divided by v.
19
Let o = 20 - 19. Let v(w) = -w**2 + w. Let j(t) = 10*t**2 - 3*t. Let u(y) = o*j(y) + 4*v(y). What is the remainder when 64 is divided by u(-2)?
20
Let y(f) = -f**3 - 4*f**2 + 16*f + 4. Calculate the remainder when y(-7) is divided by 35.
4
Let g = -13 + 16. Suppose 0*q = q + 3*d - 76, -g*d - 82 = -q. What is the remainder when q is divided by 2/7 - 138/(-7)?
19
Suppose -3*j - 27 = 3*i, 3*j + 6 - 59 = 5*i. Let h = 15 + i. Suppose 5*l + 3*x + 2*x = 35, h*x = 5*l - 15. What is the remainder when l is divided by 2?
1
Let d = -10 + 13. Suppose 3*o - 80 = -o. Suppose -d*v + o = -v. Calculate the remainder when 18 is divided by v.
8
Let z = -462 + 465. Calculate the remainder when 11 is divided by z.
2
Let w = -79 + 7. Let q be ((-15)/12)/(3/w). Suppose -2*i + 5*u + 25 - 2 = 0, 3*i - q = 3*u. What is the remainder when 17 is divided by i?
8
Suppose -3*f + 1 = -4*d + 7, -d + 5*f = 7. Let r = -8 - -15. Suppose -d*b = t + 2*b + r, -4*t + 68 = -4*b. What is the remainder when t is divided by 5?
3
Let r be 14 - ((-2)/(5 - 4) - -6). Suppose -z + r*z = 666. What is the remainder when z is divided by (-135)/(-7) - (-2)/(-7)?
17
Let a(n) be the first derivative of -n**4/4 - n**3 + 3*n**2/2 + 12*n + 16. Let s(t) = 11*t + 1. Calculate the remainder when a(-5) is divided by s(1).
11
Suppose 0*t - 35 = -f + 4*t, 2*t + 139 = 5*f. Let b = -29 + f. What is the remainder when 31 is divided by b*(-4)/(-8)*-17?
14
Let x(o) = 48*o - 315. What is the remainder when x(12) is divided by 55?
41
Suppose x = 5*p + 7, -4*p + 9 = -11. Calculate the remainder when 60 is divided by x.
28
Let o = -84 - -92. What is the remainder when 15 is divided by ((81/(-4))/(-9))/(3/o)?
3
Suppose -1 + 85 = 7*q. Suppose 2 = 4*s - 3*s. Suppose -2*m - 7 - 49 = -2*d, 0 = s*m - 10. What is the remainder when d is divided by q?
9
Suppose -2*g = 8, 2*v + 11*g - 14*g - 804 = 0. Calculate the remainder when v is divided by 57.
54
Let d(c) = -c**3 - 7*c**2 + 5*c + 12. Calculate the remainder when d(-8) is divided by 13.
10
Let s(b) = -33*b - 387. What is the remainder when 519 is divided by s(-12)?
6
Suppose 2*u - 3 - 5 = 0, -158 = -5*n + 3*u. Calculate the remainder when 270 is divided by n.
32
Calculate the remainder when 87 is divided by -8 + (-6)/12*-124.
33
Suppose 3 + 45 = 4*p. Let i = 743 + -723. What is the remainder when i is divided by p?
8
Let u be (12/(-10))/((-2)/20). Let c = -111 - -191. What is the remainder when (36/5)/(u/c) is divided by 25?
23
Let b(j) = -j**3 + 7*j**2 - j + 15. Let d be b(7). Calculate the remainder when 45 is divided by (-46 + 0)/(5/((-20)/d)).
22
Suppose 0*j - 5*j = 10. Let s be 39*1/j*2. Let b = 59 + s. What is the remainder when 38 is divided by b?
18
Let n = -4 + 2. What is the remainder when n/((-30)/9) - (-366)/15 is divided by 9?
7
Suppose 8*y = 4*y - 20, w - 19 = y. Suppose -2*r + 6 = -w. Calculate the remainder when 48 is divided by r.
8
Let m(j) = -2*j**2 + 52*j - 93. Let v(o) = o**3 - 3*o**2 - 3*o + 2. What is the remainder when m(20) is divided by v(5)?
36
Suppose 2*k - 4 + 14 = 0. Let r(n) = -4*n - 2 + 3 - 4 + 3*n. What is the remainder when 4 is divided by r(k)?
0
Suppose 20*b = 1507 - 907. Let j(l) = 14*l - 9. What is the remainder when j(7) is divided by b?
29
What is the remainder when 190 is divided by 22 + -1*36/(-3)?
20
What is the remainder when 42/12*20784/168 is divided by 20?
13
Let d = -23 + 19. Let z = d - -16. What is the remainder when 23 is divided by z?
11
Suppose -2*f + 145 = -m, 4*f + 7*m - 260 = 3*m. What is the remainder when f is divided by 9?
7
Let y(t) = -2*t**2 - 3*t + 8 + 3*t**3 + 5*t**2 - 2*t**3. Calculate the remainder when y(-4) is divided by 2.
0
Let h(u) = 17*u**2 + 5*u - 8. What is the remainder when h(-4) is divided by 19?
16
Suppose 9*q - 28*q + 456 = 0. Calculate the remainder when 32 is divided by q.
8
Let m(k) = -k**3 - 10*k**2 - k + 3. Let i = -13 + 16. Suppose 2*f + 50 = -i*f. Calculate the remainder when m(f) is divided by 3.
1
Let p(a) = 29*a - 4. Let x(t) = 30*t - 3. Let z(c) = 5*p(c) - 6*x(c). Let m(w) = w**2 + 2*w + 2. Calculate the remainder when z(-1) is divided by m(-5).
16
Let f = -118 - -118. Suppose 0 = -3*h + 3*v + 21, f*h = -3*h + 4*v + 21. Calculate the remainder when 18 is divided by h.
4
Suppose 0 = 6*y - 8*y + 70. Let g = y - 26. Calculate the remainder when 87/5 + (-18)/45 is divided by g.
8
Let r(z) = z - 1. Let v be r(6). What is the remainder when 6 + 52 - (-3 - -2) is divided by 4 - (-13 + (v - 3))?
14
Let q = 17 - 9. Calculate the remainder when 119 is divided by q.
7
Let q(x) = 22*x**2 - 13*x - 23. Calculate the remainder when 372 is divided by q(-2).
8
Suppose 2*z = -4*g + 10, 2 = -2*z + 4*g + 4. Suppose 3*h = 5*t - 56, -z*t - 6*h + 51 = -2*h. Let u = 110 - 59. What is the remainder when u is divided by t?
12
Let n(g) be the second derivative of g**3/3 + 17*g**2/2 - 3*g. What is the remainder when n(-5) is divided by 2 + 1 + -2 + 2?
1
Let a = 76 - 5. Let u = -45 + a. Suppose -5*y + 4*j = -387, -y + 3*y - j - 153 = 0. What is the remainder when y is divided by u?
23
Let b(u) = u**3 - 6*u**2 + 7*u - 5. Let d be b(5). Suppose -128 = -d*n + 7. What is the remainder when n is divided by 8?
3
Let h(b) = -b**3 - 6*b**2 + 8*b + 9. Let k be h(-7). Suppose 3*a - k = -8. Let q(y) = -y + 2. Calculate the remainder when 11 is divided by q(a).
3
Let y = -978 + 1451. Calculate the remainder when y is divided by 28.
25
Suppose -2*u = -0*u + 12. Calculate the remainder when 20 is divided by 0 - (-2 - 0) - u.
4
Let c = 2 - -78. Let r = -74 + c. Calculate the remainder when 16 is divided by r.
4
Suppose 0 = -22*l + 21*l - 5*n + 372, 1080 = 3*l + 3*n. Calculate the remainder when l is divided by 30.
27
What is the remainder when (-63153)/(-405) - (-6)/90 is divided by 69?
18
Let b = 31 + -16. Suppose 4*v + 3*i = 39, 2*v - i + 3 = 2*i. Calculate the remainder when b is divided by v.
3
Suppose -41*p = -52*p + 737. Suppose 0*s + 5 = s. Suppose 35 + 50 = s*k. Calculate the remainder when p is divided by k.
16
Suppose 16*m = 4*m + 84. What is the remainder when m is divided by 6?
1
Let p(i) = -i**3 + i**2 + i - 4. What is the remainder when 137 is divided by p(-3)?
21
Calculate the remainder when (8 - 10) + (-7 + 3 - -324) is divided by 65.
58
Suppose 13*n - 1017 = -289. Calculate the remainder when 159 is divided by n.
47
Suppose f = 0, 0*j + 3*f + 334 = 2*j. What is the remainder when j is divided by 17?
14
Let k(v) = -27*v + 490. Calculate the remainder when 182 is divided by k(17).
27
Let f be 52/6*(-12)/(-8). Let a = 1 + f. Calculate the remainder when -1 - 35/(-45) - (-724)/18 is divided by a.
12
Let o(m) be the third derivative of m**4/12 + m**3/3 - 6*m**2. Let u be o(-7). Let l = 47 + u. What is the remainder when l is divided by 9?
8
Suppose 0 = -3*x + 7*x - 136. Suppose 3*i = x + 2. Calculate the remainder when (-19)/(3*(-5)/45) is divided by i.
9
Suppose v - 20 = -3*v, 2*c = -v + 29. Suppose f - r = c, -5*r = 2*f - 5 - 33. What is the remainder when f is divided by 4?
2
Let f = 28 - 16. Let z(q) = 8*q**2 - 9*q + 2. Calculate the remainder when z(4) is divided by f.
10
Suppose -31 = -18*f + 347. What is the remainder when 59 is divided by f?
17
Let b(v) = -57*v - 27. What is the remainder when 48 is divided by b(-1)?
18
Let j(h) = -h**2 - 25*h - 128. What is the remainder when 35 is divided by j(-10)?
13
Calculate the remainder when 228 is divided by 8 + (0 - -9) + -1*2.
3
Let y(r) = -r - 8. Let x be y(-7). Let f = -80 - -145. What is the remainder when f is divided by (-20)/x + 2/1?
21
Let i be (-3)/(-3)*(-7 + 1). Let z(u) = -u + 8. Calculate the remainder when -1 - -43 - (6 - 3) is divided 